{"id":35,"date":"2025-07-02T17:30:17","date_gmt":"2025-07-02T17:30:17","guid":{"rendered":"https:\/\/homecard.com.br\/portal\/index.php\/about\/"},"modified":"2025-07-30T23:26:13","modified_gmt":"2025-07-30T23:26:13","slug":"desenvolvimento-de-sites-em-juiz-de-fora-mg","status":"publish","type":"page","link":"https:\/\/homecard.com.br\/portal\/index.php\/desenvolvimento-de-sites-em-juiz-de-fora-mg\/","title":{"rendered":"Desenvolvimento de Sites em Juiz de Fora-MG"},"content":{"rendered":"\n\n\n\n\n\n\n\n\n\n\n\n\n<h2>Sobre a Homecard<\/h2>\n\n\n\n<p><strong>Sites em Juiz de Fora-MG com Foco em Solu\u00e7\u00f5es Inovadoras<\/strong>.<br>Nossa miss\u00e3o \u00e9 transformar criatividade em solu\u00e7\u00f5es reais e eficientes para o ambiente digital.<br><br>A <strong>HOMECARD<\/strong> atua no mercado desde 2003. Inicialmente, oferec\u00edamos projetos multim\u00eddia e design digital em diversas aplica\u00e7\u00f5es. <strong>Com o tempo<\/strong>, no entanto, percebemos a crescente demanda por solu\u00e7\u00f5es em desenvolvimento web. <strong>Por isso<\/strong>, decidimos ampliar nossos servi\u00e7os, sempre priorizando o atendimento personalizado e a entrega de solu\u00e7\u00f5es sob medida.<br><br><strong>Como resultado dessa evolu\u00e7\u00e3o constante<\/strong>, conquistamos rapidamente a confian\u00e7a de nossos clientes. Isso s\u00f3 foi poss\u00edvel porque combinamos qualidade t\u00e9cnica, inova\u00e7\u00e3o cont\u00ednua e uma atua\u00e7\u00e3o estrat\u00e9gica no universo digital.<br><\/p>\n\n\n\n<p><b>Por que escolher a HOMECARD?<br><\/b><strong>Ao contr\u00e1rio de muitas empresas no mercado<\/strong>, estamos sempre atentos \u00e0s novas tend\u00eancias tecnol\u00f3gicas. <strong>Al\u00e9m disso<\/strong>, investimos continuamente em capacita\u00e7\u00e3o e conhecimento t\u00e9cnico. <strong>Dessa forma<\/strong>, conseguimos oferecer propostas modernas e eficientes aos nossos parceiros e clientes, especialmente quando utilizamos sistemas gerenciadores de conte\u00fado (CMS), como o <strong>WordPress<\/strong>.<br><br><b>Vantagens de usar WordPress<br><\/b><strong>Diferente dos sites est\u00e1ticos tradicionais<\/strong>, nossos projetos s\u00e3o desenvolvidos com base no conceito de gerenciamento din\u00e2mico de conte\u00fado. Utilizamos plataformas CMS que possibilitam f\u00e1cil atualiza\u00e7\u00e3o de informa\u00e7\u00f5es, integra\u00e7\u00e3o com m\u00f3dulos personalizados e escalabilidade futura.<\/p>\n\n\n\n\n\n\n\n<p>Al\u00e9m disso, a base dos nossos projetos \u00e9 o\u00a0<span style=\"font-weight: 700;\">WordPress<\/span>, premiado internacionalmente e adotado por\u00a0<span style=\"font-weight: 700;\">governos, institui\u00e7\u00f5es e grandes empresas<\/span>. Ele garante seguran\u00e7a, flexibilidade e performance em ambientes que exigem desde gest\u00e3o b\u00e1sica at\u00e9\u00a0<span style=\"font-weight: 700;\">grandes volumes de conte\u00fado<\/span>.<br><br><strong>Nossos servi\u00e7os incluem:<br><\/strong><span style=\"font-weight: 700;\">Desenvolvimento <\/span><strong>e Cria\u00e7\u00e3o<\/strong><span style=\"font-weight: 700;\"> de sites em Juiz de Fora<\/span><br>Sites em\u00a0<span style=\"font-weight: 700;\">Joomla<\/span>\u00a0e\u00a0<span style=\"font-weight: 700;\">WordPress<\/span><br><span style=\"font-weight: 700;\">Aplicativos personalizados<\/span><br><span style=\"font-weight: 700;\">Lojas virtuais<\/span>\u00a0completas e responsivas<em><br><\/em><\/p>\n\n\n\n\n\n\n\n<span style=\"line-height: 1.5;\"><p>Procurando uma empresa experiente, inovadora e com foco em resultados? Temos a solu\u00e7\u00e3o ideal para voc\u00ea. Entre em contato, solicite uma visita ou pe\u00e7a um or\u00e7amento sem compromisso. Vamos juntos transformar suas ideias em realidade.<br><img decoding=\"async\" draggable=\"true\" role=\"img\" class=\"emoji\" src=\"https:\/\/s.w.org\/images\/core\/emoji\/15.1.0\/svg\/1f449.svg\" alt=\"\ud83d\udc49\"> <strong>Clique aqui para solicitar seu or\u00e7amento<\/strong><\/p><\/span>\n\n\n\n\n\n\n\n\n\n\n\n\n\n\n\n\n\n\n\n\n\n\n\n\n\n\n\n\n\n\n\n\n\n\n\n\n\n\n\n\n\n\n\n\n\n\n\n\n\n\n\n\n\n\n\n\n\n<p>Lorem Ipsum has been the industry&#8217;s standard dummy text ever since the 1500s.<\/p>\n\n\n\n<h2 class=\"wp-block-heading\">O Impacto Local do Desenvolvimento de Sites em Juiz de Fora-MG<\/h2>\n\n\n\n<p>Investir no <strong>desenvolvimento de sites em Juiz de Fora-MG<\/strong> significa fortalecer a economia local e, <strong>ao mesmo tempo<\/strong>, alcan\u00e7ar novos mercados. <strong>Por isso<\/strong>, a Homecard se dedica a criar plataformas digitais que n\u00e3o s\u00f3 atendem \u00e0s particularidades do p\u00fablico juiz-forano, mas tamb\u00e9m projetam seu neg\u00f3cio para al\u00e9m das fronteiras da cidade. <strong>Consequentemente<\/strong>, sua empresa ganha mais visibilidade e credibilidade. <strong>De fato<\/strong>, um site profissional e bem otimizado \u00e9 um diferencial competitivo. <strong>Assim<\/strong>, garantimos que sua marca se destaque em um ambiente digital cada vez mais concorrido. <strong>Dessa forma<\/strong>, voc\u00ea capta clientes tanto na cidade quanto em outras regi\u00f5es.<\/p>\n\n\n\n\n\n<h2>Porque nos Escolher?<\/h2>\n\n\n\n<p>Porque unimos <strong data-start=\"187\" data-end=\"240\">experi\u00eancia, inova\u00e7\u00e3o e atendimento personalizado<\/strong> para entregar solu\u00e7\u00f5es digitais sob medida. Com mais de 22 anos de mercado, oferecemos <strong data-start=\"328\" data-end=\"400\">sites profissionais, lojas virtuais em WordPress<\/strong>, <strong>sistemas<\/strong> e <strong>aplicativos<\/strong> sempre com foco em <strong data-start=\"421\" data-end=\"459\">qualidade, performance e resultado<\/strong>.<\/p>\n\n\n\nDesenvolvimento de Layout\n\n\n\n100% Responsivo\n\n\n\nSite totalmente Personalizado\n\n\n\nEntrega e Suporte \u00c1gil\n\n\n\n\n\n<h2 class=\"wp-block-heading\">Homecard: Sua Ponte para o Sucesso Digital em Juiz de Fora<\/h2>\n\n\n\n<p>A Homecard atua como uma ponte entre sua vis\u00e3o de neg\u00f3cio e o sucesso online aqui em Juiz de Fora-MG. <strong>Com efeito<\/strong>, nossa equipe de especialistas trabalha lado a lado com voc\u00ea para entender cada detalhe do seu projeto. <strong>Isso inclui<\/strong> desde a concep\u00e7\u00e3o inicial at\u00e9 o lan\u00e7amento e suporte cont\u00ednuo. <strong>Al\u00e9m disso<\/strong>, valorizamos a proximidade e o atendimento personalizado, caracter\u00edsticas que nos diferenciam. <strong>Portanto<\/strong>, ao escolher a Homecard, voc\u00ea n\u00e3o apenas adquire um site, mas tamb\u00e9m uma parceria estrat\u00e9gica. <strong>Em suma<\/strong>, estamos comprometidos com o crescimento e a inova\u00e7\u00e3o das empresas de Juiz de Fora no ambiente digital. <strong>Consequentemente<\/strong>, seu investimento se traduz em resultados tang\u00edveis e duradouros.<\/p>\n\n\n\n<h2 class=\"wp-block-heading\">Links de Refer\u00eancia como nossos Projetos s\u00e3o Desenvolvidos!<\/h2>\n\n\n\n<ul class=\"wp-block-list\">\n<li><a class=\"\" href=\"https:\/\/www.joomla.org\/\">Joomla &#8211; CMS Oficial<\/a><\/li>\n\n\n\n<li><a class=\"\" href=\"https:\/\/wordpress.org\/\">WordPress.org &#8211; Plataforma CMS<\/a><\/li>\n\n\n\n<li><a class=\"\" href=\"https:\/\/www.w3.org\/\">Certifica\u00e7\u00e3o W3C<\/a><\/li>\n<\/ul>\n","protected":false},"excerpt":{"rendered":"<p>Homecard: Sua Ponte para o Sucesso Digital em Juiz de Fora A Homecard atua como uma ponte entre sua vis\u00e3o de neg\u00f3cio e o sucesso online aqui em Juiz de Fora-MG. Com efeito, nossa equipe de especialistas trabalha lado a lado com voc\u00ea para entender cada detalhe do seu projeto. Isso inclui desde a concep\u00e7\u00e3o [&hellip;]<\/p>\n","protected":false},"author":1,"featured_media":0,"parent":0,"menu_order":0,"comment_status":"closed","ping_status":"closed","template":"","meta":{"pagelayer_contact_templates":[],"_pagelayer_content":"","_joinchat":[],"footnotes":""},"class_list":["post-35","page","type-page","status-publish","hentry"],"yoast_head":"<!-- This site is optimized with the Yoast SEO plugin v25.8 - https:\/\/yoast.com\/wordpress\/plugins\/seo\/ -->\n<title>Desenvolvimento de Sites em Juiz de Fora-MG - Homecard Desenvolvimento e Cria\u00e7\u00e3o de Sites em Juiz de Fora-MG (32) 9 8844-3992<\/title>\n<meta name=\"description\" content=\"Desenvolvimento de sites em Juiz de Fora e projetos personalizados com foco em inova\u00e7\u00e3o, atendimento e resultados.\" \/>\n<meta name=\"robots\" content=\"index, follow, max-snippet:-1, max-image-preview:large, max-video-preview:-1\" \/>\n<link rel=\"canonical\" href=\"https:\/\/homecard.com.br\/portal\/index.php\/desenvolvimento-de-sites-em-juiz-de-fora-mg\/\" \/>\n<meta property=\"og:locale\" content=\"pt_BR\" \/>\n<meta property=\"og:type\" content=\"article\" \/>\n<meta property=\"og:title\" content=\"Desenvolvimento de Sites em Juiz de Fora-MG - Homecard Desenvolvimento e Cria\u00e7\u00e3o de Sites em Juiz de Fora-MG (32) 9 8844-3992\" \/>\n<meta property=\"og:description\" content=\"Desenvolvimento de sites em Juiz de Fora e projetos personalizados com foco em inova\u00e7\u00e3o, atendimento e resultados.\" \/>\n<meta property=\"og:url\" content=\"https:\/\/homecard.com.br\/portal\/index.php\/desenvolvimento-de-sites-em-juiz-de-fora-mg\/\" \/>\n<meta property=\"og:site_name\" content=\"Homecard Desenvolvimento e Cria\u00e7\u00e3o de Sites em Juiz de Fora-MG (32) 9 8844-3992\" \/>\n<meta property=\"article:modified_time\" content=\"2025-07-30T23:26:13+00:00\" \/>\n<meta property=\"og:image\" content=\"https:\/\/s.w.org\/images\/core\/emoji\/15.1.0\/svg\/1f449.svg\" \/>\n<meta name=\"twitter:card\" content=\"summary_large_image\" \/>\n<meta name=\"twitter:label1\" content=\"Est. tempo de leitura\" \/>\n\t<meta name=\"twitter:data1\" content=\"4 minutos\" \/>\n<script type=\"application\/ld+json\" class=\"yoast-schema-graph\">{\"@context\":\"https:\/\/schema.org\",\"@graph\":[{\"@type\":\"WebPage\",\"@id\":\"https:\/\/homecard.com.br\/portal\/index.php\/desenvolvimento-de-sites-em-juiz-de-fora-mg\/\",\"url\":\"https:\/\/homecard.com.br\/portal\/index.php\/desenvolvimento-de-sites-em-juiz-de-fora-mg\/\",\"name\":\"Desenvolvimento de Sites em Juiz de Fora-MG - Homecard Desenvolvimento e Cria\u00e7\u00e3o de Sites em Juiz de Fora-MG (32) 9 8844-3992\",\"isPartOf\":{\"@id\":\"https:\/\/homecard.com.br\/portal\/#website\"},\"primaryImageOfPage\":{\"@id\":\"https:\/\/homecard.com.br\/portal\/index.php\/desenvolvimento-de-sites-em-juiz-de-fora-mg\/#primaryimage\"},\"image\":{\"@id\":\"https:\/\/homecard.com.br\/portal\/index.php\/desenvolvimento-de-sites-em-juiz-de-fora-mg\/#primaryimage\"},\"thumbnailUrl\":\"https:\/\/s.w.org\/images\/core\/emoji\/15.1.0\/svg\/1f449.svg\",\"datePublished\":\"2025-07-02T17:30:17+00:00\",\"dateModified\":\"2025-07-30T23:26:13+00:00\",\"description\":\"Desenvolvimento de sites em Juiz de Fora e projetos personalizados com foco em inova\u00e7\u00e3o, atendimento e resultados.\",\"breadcrumb\":{\"@id\":\"https:\/\/homecard.com.br\/portal\/index.php\/desenvolvimento-de-sites-em-juiz-de-fora-mg\/#breadcrumb\"},\"inLanguage\":\"pt-BR\",\"potentialAction\":[{\"@type\":\"ReadAction\",\"target\":[\"https:\/\/homecard.com.br\/portal\/index.php\/desenvolvimento-de-sites-em-juiz-de-fora-mg\/\"]}]},{\"@type\":\"ImageObject\",\"inLanguage\":\"pt-BR\",\"@id\":\"https:\/\/homecard.com.br\/portal\/index.php\/desenvolvimento-de-sites-em-juiz-de-fora-mg\/#primaryimage\",\"url\":\"https:\/\/s.w.org\/images\/core\/emoji\/15.1.0\/svg\/1f449.svg\",\"contentUrl\":\"https:\/\/s.w.org\/images\/core\/emoji\/15.1.0\/svg\/1f449.svg\"},{\"@type\":\"BreadcrumbList\",\"@id\":\"https:\/\/homecard.com.br\/portal\/index.php\/desenvolvimento-de-sites-em-juiz-de-fora-mg\/#breadcrumb\",\"itemListElement\":[{\"@type\":\"ListItem\",\"position\":1,\"name\":\"In\u00edcio\",\"item\":\"https:\/\/homecard.com.br\/portal\/\"},{\"@type\":\"ListItem\",\"position\":2,\"name\":\"Desenvolvimento de Sites em Juiz de Fora-MG\"}]},{\"@type\":\"WebSite\",\"@id\":\"https:\/\/homecard.com.br\/portal\/#website\",\"url\":\"https:\/\/homecard.com.br\/portal\/\",\"name\":\"Homecard Sites | Desenvolvimento e Cria\u00e7\u00e3o de Sites em Juiz de Fora-MG | (32) 9 8844-3992\",\"description\":\"Especialistas em desenvolvimento e cria\u00e7\u00e3o de sites em Juiz de Fora-MG, a Homecard oferece solu\u00e7\u00f5es digitais completas para impulsionar seu neg\u00f3cio. De sites profissionais a lojas virtuais, nossa miss\u00e3o \u00e9 transformar suas ideias em resultados concretos.\",\"publisher\":{\"@id\":\"https:\/\/homecard.com.br\/portal\/#organization\"},\"potentialAction\":[{\"@type\":\"SearchAction\",\"target\":{\"@type\":\"EntryPoint\",\"urlTemplate\":\"https:\/\/homecard.com.br\/portal\/?s={search_term_string}\"},\"query-input\":{\"@type\":\"PropertyValueSpecification\",\"valueRequired\":true,\"valueName\":\"search_term_string\"}}],\"inLanguage\":\"pt-BR\"},{\"@type\":\"Organization\",\"@id\":\"https:\/\/homecard.com.br\/portal\/#organization\",\"name\":\"Homecard LTDA\",\"url\":\"https:\/\/homecard.com.br\/portal\/\",\"logo\":{\"@type\":\"ImageObject\",\"inLanguage\":\"pt-BR\",\"@id\":\"https:\/\/homecard.com.br\/portal\/#\/schema\/logo\/image\/\",\"url\":\"https:\/\/homecard.com.br\/portal\/wp-content\/uploads\/2025\/07\/logo-H-homecard.png\",\"contentUrl\":\"https:\/\/homecard.com.br\/portal\/wp-content\/uploads\/2025\/07\/logo-H-homecard.png\",\"width\":921,\"height\":865,\"caption\":\"Homecard LTDA\"},\"image\":{\"@id\":\"https:\/\/homecard.com.br\/portal\/#\/schema\/logo\/image\/\"},\"sameAs\":[\"https:\/\/www.instagram.com\/homecardsites\"]}]}<\/script>\n<!-- \/ Yoast SEO plugin. -->","yoast_head_json":{"title":"Desenvolvimento de Sites em Juiz de Fora-MG - Homecard Desenvolvimento e Cria\u00e7\u00e3o de Sites em Juiz de Fora-MG (32) 9 8844-3992","description":"Desenvolvimento de sites em Juiz de Fora e projetos personalizados com foco em inova\u00e7\u00e3o, atendimento e resultados.","robots":{"index":"index","follow":"follow","max-snippet":"max-snippet:-1","max-image-preview":"max-image-preview:large","max-video-preview":"max-video-preview:-1"},"canonical":"https:\/\/homecard.com.br\/portal\/index.php\/desenvolvimento-de-sites-em-juiz-de-fora-mg\/","og_locale":"pt_BR","og_type":"article","og_title":"Desenvolvimento de Sites em Juiz de Fora-MG - Homecard Desenvolvimento e Cria\u00e7\u00e3o de Sites em Juiz de Fora-MG (32) 9 8844-3992","og_description":"Desenvolvimento de sites em Juiz de Fora e projetos personalizados com foco em inova\u00e7\u00e3o, atendimento e resultados.","og_url":"https:\/\/homecard.com.br\/portal\/index.php\/desenvolvimento-de-sites-em-juiz-de-fora-mg\/","og_site_name":"Homecard Desenvolvimento e Cria\u00e7\u00e3o de Sites em Juiz de Fora-MG (32) 9 8844-3992","article_modified_time":"2025-07-30T23:26:13+00:00","og_image":[{"url":"https:\/\/s.w.org\/images\/core\/emoji\/15.1.0\/svg\/1f449.svg","type":"","width":"","height":""}],"twitter_card":"summary_large_image","twitter_misc":{"Est. tempo de leitura":"4 minutos"},"schema":{"@context":"https:\/\/schema.org","@graph":[{"@type":"WebPage","@id":"https:\/\/homecard.com.br\/portal\/index.php\/desenvolvimento-de-sites-em-juiz-de-fora-mg\/","url":"https:\/\/homecard.com.br\/portal\/index.php\/desenvolvimento-de-sites-em-juiz-de-fora-mg\/","name":"Desenvolvimento de Sites em Juiz de Fora-MG - Homecard Desenvolvimento e Cria\u00e7\u00e3o de Sites em Juiz de Fora-MG (32) 9 8844-3992","isPartOf":{"@id":"https:\/\/homecard.com.br\/portal\/#website"},"primaryImageOfPage":{"@id":"https:\/\/homecard.com.br\/portal\/index.php\/desenvolvimento-de-sites-em-juiz-de-fora-mg\/#primaryimage"},"image":{"@id":"https:\/\/homecard.com.br\/portal\/index.php\/desenvolvimento-de-sites-em-juiz-de-fora-mg\/#primaryimage"},"thumbnailUrl":"https:\/\/s.w.org\/images\/core\/emoji\/15.1.0\/svg\/1f449.svg","datePublished":"2025-07-02T17:30:17+00:00","dateModified":"2025-07-30T23:26:13+00:00","description":"Desenvolvimento de sites em Juiz de Fora e projetos personalizados com foco em inova\u00e7\u00e3o, atendimento e resultados.","breadcrumb":{"@id":"https:\/\/homecard.com.br\/portal\/index.php\/desenvolvimento-de-sites-em-juiz-de-fora-mg\/#breadcrumb"},"inLanguage":"pt-BR","potentialAction":[{"@type":"ReadAction","target":["https:\/\/homecard.com.br\/portal\/index.php\/desenvolvimento-de-sites-em-juiz-de-fora-mg\/"]}]},{"@type":"ImageObject","inLanguage":"pt-BR","@id":"https:\/\/homecard.com.br\/portal\/index.php\/desenvolvimento-de-sites-em-juiz-de-fora-mg\/#primaryimage","url":"https:\/\/s.w.org\/images\/core\/emoji\/15.1.0\/svg\/1f449.svg","contentUrl":"https:\/\/s.w.org\/images\/core\/emoji\/15.1.0\/svg\/1f449.svg"},{"@type":"BreadcrumbList","@id":"https:\/\/homecard.com.br\/portal\/index.php\/desenvolvimento-de-sites-em-juiz-de-fora-mg\/#breadcrumb","itemListElement":[{"@type":"ListItem","position":1,"name":"In\u00edcio","item":"https:\/\/homecard.com.br\/portal\/"},{"@type":"ListItem","position":2,"name":"Desenvolvimento de Sites em Juiz de Fora-MG"}]},{"@type":"WebSite","@id":"https:\/\/homecard.com.br\/portal\/#website","url":"https:\/\/homecard.com.br\/portal\/","name":"Homecard Sites | Desenvolvimento e Cria\u00e7\u00e3o de Sites em Juiz de Fora-MG | (32) 9 8844-3992","description":"Especialistas em desenvolvimento e cria\u00e7\u00e3o de sites em Juiz de Fora-MG, a Homecard oferece solu\u00e7\u00f5es digitais completas para impulsionar seu neg\u00f3cio. De sites profissionais a lojas virtuais, nossa miss\u00e3o \u00e9 transformar suas ideias em resultados concretos.","publisher":{"@id":"https:\/\/homecard.com.br\/portal\/#organization"},"potentialAction":[{"@type":"SearchAction","target":{"@type":"EntryPoint","urlTemplate":"https:\/\/homecard.com.br\/portal\/?s={search_term_string}"},"query-input":{"@type":"PropertyValueSpecification","valueRequired":true,"valueName":"search_term_string"}}],"inLanguage":"pt-BR"},{"@type":"Organization","@id":"https:\/\/homecard.com.br\/portal\/#organization","name":"Homecard LTDA","url":"https:\/\/homecard.com.br\/portal\/","logo":{"@type":"ImageObject","inLanguage":"pt-BR","@id":"https:\/\/homecard.com.br\/portal\/#\/schema\/logo\/image\/","url":"https:\/\/homecard.com.br\/portal\/wp-content\/uploads\/2025\/07\/logo-H-homecard.png","contentUrl":"https:\/\/homecard.com.br\/portal\/wp-content\/uploads\/2025\/07\/logo-H-homecard.png","width":921,"height":865,"caption":"Homecard LTDA"},"image":{"@id":"https:\/\/homecard.com.br\/portal\/#\/schema\/logo\/image\/"},"sameAs":["https:\/\/www.instagram.com\/homecardsites"]}]}},"_links":{"self":[{"href":"https:\/\/homecard.com.br\/portal\/index.php\/wp-json\/wp\/v2\/pages\/35","targetHints":{"allow":["GET"]}}],"collection":[{"href":"https:\/\/homecard.com.br\/portal\/index.php\/wp-json\/wp\/v2\/pages"}],"about":[{"href":"https:\/\/homecard.com.br\/portal\/index.php\/wp-json\/wp\/v2\/types\/page"}],"author":[{"embeddable":true,"href":"https:\/\/homecard.com.br\/portal\/index.php\/wp-json\/wp\/v2\/users\/1"}],"replies":[{"embeddable":true,"href":"https:\/\/homecard.com.br\/portal\/index.php\/wp-json\/wp\/v2\/comments?post=35"}],"version-history":[{"count":15,"href":"https:\/\/homecard.com.br\/portal\/index.php\/wp-json\/wp\/v2\/pages\/35\/revisions"}],"predecessor-version":[{"id":315,"href":"https:\/\/homecard.com.br\/portal\/index.php\/wp-json\/wp\/v2\/pages\/35\/revisions\/315"}],"wp:attachment":[{"href":"https:\/\/homecard.com.br\/portal\/index.php\/wp-json\/wp\/v2\/media?parent=35"}],"curies":[{"name":"wp","href":"https:\/\/api.w.org\/{rel}","templated":true}]}}